{"id":2116,"date":"2023-03-20T09:42:34","date_gmt":"2023-03-20T09:42:34","guid":{"rendered":"https:\/\/legalbrandservices.com\/politica-de-privacitat\/"},"modified":"2024-10-28T14:29:01","modified_gmt":"2024-10-28T14:29:01","slug":"politica-de-privacitat","status":"publish","type":"page","link":"https:\/\/legalbrandservices.com\/ca\/politica-de-privacitat\/","title":{"rendered":"Pol\u00edtica de privacitat"},"content":{"rendered":"<p>[et_pb_section fb_built=&#8221;1&#8243; _builder_version=&#8221;4.20.2&#8243; _module_preset=&#8221;default&#8221; global_colors_info=&#8221;{}&#8221;][et_pb_row _builder_version=&#8221;4.20.2&#8243; _module_preset=&#8221;default&#8221; global_colors_info=&#8221;{}&#8221;][et_pb_column type=&#8221;4_4&#8243; _builder_version=&#8221;4.20.2&#8243; _module_preset=&#8221;default&#8221; global_colors_info=&#8221;{}&#8221;][et_pb_text _builder_version=&#8221;4.20.2&#8243; _module_preset=&#8221;default&#8221; global_colors_info=&#8221;{}&#8221;]<\/p>\n<h1>POL\u00cdTICA DE PRIVACITAT<\/h1>\n<p>L&#8217;informem que la informaci\u00f3 remesa a trav\u00e9s del present formulari de contacte web quedar\u00e0 incorporada als sistemes d&#8217;informaci\u00f3 de MAR\u00cdA LOBATO.<br \/>La finalitat del tractament de les dades que ens remeti ser\u00e0 donar resposta a les consultes que ens plantegi respecte als serveis detallats a la web, aix\u00ed com per atendre dubtes de les mat\u00e8ries jur\u00eddiques plantejades.<br \/>De conformitat amb la normativa vigent en Protecci\u00f3 de dades, en concret, del Reglament<br \/>(UE) 2016\/679 del Parlament Europeu i del Consell, de 27 d&#8217;abril de 2016, relatiu a la<br \/>protecci\u00f3 de dades, aquesta informaci\u00f3 s&#8217;utilitzar\u00e0 amb les finalitats determinades i se cedir\u00e0<\/p>\n<p style=\"text-align: justify;\">o comunicar\u00e0, \u00fanicament, quan una llei ho exigeixi i als encarregats de tractament amb els<br \/>que es contracten serveis imprescindibles per a la realitzaci\u00f3 de les finalitats, amb els quals es<br \/>subscriuen els oportuns contractes.<br \/>Aix\u00ed mateix, excepcionalment, es podr\u00e0 utilitzar la dada del vostre correu electr\u00f2nic per fer-vos<br \/>arribar informaci\u00f3 referent als nostres serveis, sempre que ens autoritzi expressament.<br \/>Aquestes dades no es comunicaran ni cediran en cap cas, llevat dels organismes p\u00fablics<br \/>que els sol\u00b7licitin a l&#8217;empara de la Llei. La seva informaci\u00f3 es conservar\u00e0 de manera indefinida.<br \/>La base jur\u00eddica per a aquest tractament \u00e9s, per tant, el consentiment que ens presta a trav\u00e9s<br \/>de l&#8217;acceptaci\u00f3 d&#8217;aquesta Pol\u00edtica de Privacitat. <\/p>\n<p style=\"text-align: justify;\">Vost\u00e8, en qualsevol moment, tindr\u00e0 dret a obtenir confirmaci\u00f3 sobre si estem tractant<br \/>les seves dades personals, en conseq\u00fc\u00e8ncia, t\u00e9 dret a accedir a les seves dades personals, t\u00e9<br \/>dret a rectificar les dades inexactes o sol\u00b7licitar la seva supressi\u00f3 quan les dades ja no siguin<br \/>necessaris, t\u00e9 dret a exercitar la seva oposici\u00f3 al tractament de dades, a exercitar la<br \/>limitaci\u00f3 al tractament, tindr\u00e0 dret a la portabilitat de les seves dades, si \u00e9s el cas, aix\u00ed com<br \/>dret a no ser objecte de decisions individualitzades automatitzades, inclosa l&#8217;elaboraci\u00f3<br \/>de perfils. Tot aix\u00f2 mitjan\u00e7ant escrit dirigit a la nostra adre\u00e7a d&#8217;acc\u00e9s a rambla de la<br \/>Generalitat 44-46, 08720 Vilafranca del Pened\u00e8s (Barcelona) o b\u00e9 a trav\u00e9s del correu<br \/>electr\u00f2nic marialobato@legalbrandservices.com, de conformitat amb el procediment dels articles 15 a 23<br \/>del Reglament (UE) 2016\/679 del Parlament Europeu i del Consell, del 27 d&#8217;abril del 2016.<br \/>Us informem tamb\u00e9 de la vostra possibilitat de presentar una reclamaci\u00f3 davant l&#8217;Ag\u00e8ncia<br \/>Espanyola de Protecci\u00f3 de Dades, www.aepd.es, si considera que el tractament no s&#8217;ajusta a<br \/>la normativa vigent. <\/p>\n<p>MAR\u00cdA LOBATO declara tenir implementades les mesures de seguretat d&#8217;\u00edndole t\u00e8cnica i<br \/>organitzatives necess\u00e0ries que garanteixin la seguretat de les dades i evitin la seva alteraci\u00f3,<br \/>p\u00e8rdua, tractament o acc\u00e9s no autoritzat, tenint en compte l&#8217;estat de la tecnologia, la<br \/>naturalesa de les dades emmagatzemades i els riscos a qu\u00e8 estan exposats, ja provinguin de la<br \/>acci\u00f3 humana o del medi f\u00edsic o natural.<br \/>Per protegir la intimitat dels USUARIS, queda prohibida l&#8217;enviament de qualsevol dada<br \/>referent a la seva ideologia, religi\u00f3, creences, origen racial, salut, i vida sexual a trav\u00e9s de<br \/>els nostres formularis.<\/p>\n<p style=\"text-align: justify;\">Aix\u00ed mateix, us informem que, en cap cas, es realitzaran decisions individuals<br \/>automatitzades ni elaboraci\u00f3 de perfils.<\/p>\n<p style=\"text-align: justify;\">Aquesta declaraci\u00f3 de privacitat es regeix per la Llei espanyola. Per tant, les parts se sotmeten, a<br \/>la seva elecci\u00f3, per a la resoluci\u00f3 de conflictes i amb ren\u00fancia a qualsevol altre fur, als<br \/>jutjats i tribunals del partit judicial de Barcelona.<\/p>\n<p style=\"text-align: justify;\">A m\u00e9s, us recordem que podeu accedir a la plataforma de resoluci\u00f3 de litigis en l\u00ednia de<br \/>la Uni\u00f3 Europea seguint aquest enlla\u00e7: https:\/\/ec.europa.eu\/consumers\/odr\/main\/?<br \/>event=main.home2.show<\/p>\n<p>[\/et_pb_text][\/et_pb_column][\/et_pb_row][\/et_pb_section]<\/p>\n","protected":false},"excerpt":{"rendered":"<p>POL\u00cdTICA DE PRIVACITAT L&#8217;informem que la informaci\u00f3 remesa a trav\u00e9s del present formulari de contacte web quedar\u00e0 incorporada als sistemes d&#8217;informaci\u00f3 de MAR\u00cdA LOBATO.La finalitat del tractament de les dades que ens remeti ser\u00e0 donar resposta a les consultes que ens plantegi respecte als serveis detallats a la web, aix\u00ed com per atendre dubtes de [&hellip;]<\/p>\n","protected":false},"author":1,"featured_media":0,"parent":0,"menu_order":0,"comment_status":"closed","ping_status":"closed","template":"","meta":{"_et_pb_use_builder":"on","_et_pb_old_content":"","_et_gb_content_width":"","footnotes":""},"dipi_cpt_category":[],"_links":{"self":[{"href":"https:\/\/legalbrandservices.com\/ca\/wp-json\/wp\/v2\/pages\/2116"}],"collection":[{"href":"https:\/\/legalbrandservices.com\/ca\/wp-json\/wp\/v2\/pages"}],"about":[{"href":"https:\/\/legalbrandservices.com\/ca\/wp-json\/wp\/v2\/types\/page"}],"author":[{"embeddable":true,"href":"https:\/\/legalbrandservices.com\/ca\/wp-json\/wp\/v2\/users\/1"}],"replies":[{"embeddable":true,"href":"https:\/\/legalbrandservices.com\/ca\/wp-json\/wp\/v2\/comments?post=2116"}],"version-history":[{"count":2,"href":"https:\/\/legalbrandservices.com\/ca\/wp-json\/wp\/v2\/pages\/2116\/revisions"}],"predecessor-version":[{"id":2118,"href":"https:\/\/legalbrandservices.com\/ca\/wp-json\/wp\/v2\/pages\/2116\/revisions\/2118"}],"wp:attachment":[{"href":"https:\/\/legalbrandservices.com\/ca\/wp-json\/wp\/v2\/media?parent=2116"}],"wp:term":[{"taxonomy":"dipi_cpt_category","embeddable":true,"href":"https:\/\/legalbrandservices.com\/ca\/wp-json\/wp\/v2\/dipi_cpt_category?post=2116"}],"curies":[{"name":"wp","href":"https:\/\/api.w.org\/{rel}","templated":true}]}}

Política de privacitat

<p>[et_pb_section fb_built=&#8221;1&#8243; _builder_version=&#8221;4.20.2&#8243; _module_preset=&#8221;default&#8221; global_colors_info=&#8221;{}&#8221;][et_pb_row _builder_version=&#8221;4.20.2&#8243; _module_preset=&#8221;default&#8221; global_colors_info=&#8221;{}&#8221;][et_pb_column type=&#8221;4_4&#8243; _builder_version=&#8221;4.20.2&#8243; _module_preset=&#8221;default&#8221; global_colors_info=&#8221;{}&#8221;][et_pb_text _builder_version=&#8221;4.20.2&#8243; _module_preset=&#8221;default&#8221; global_colors_info=&#8221;{}&#8221;]</p>
<h1>POLÍTICA DE PRIVACITAT</h1>
<p>L&#8217;informem que la informació remesa a través del present formulari de contacte web quedarà incorporada als sistemes d&#8217;informació de MARÍA LOBATO.<br />La finalitat del tractament de les dades que ens remeti serà donar resposta a les consultes que ens plantegi respecte als serveis detallats a la web, així com per atendre dubtes de les matèries jurídiques plantejades.<br />De conformitat amb la normativa vigent en Protecció de dades, en concret, del Reglament<br />(UE) 2016/679 del Parlament Europeu i del Consell, de 27 d&#8217;abril de 2016, relatiu a la<br />protecció de dades, aquesta informació s&#8217;utilitzarà amb les finalitats determinades i se cedirà</p>
<p style="text-align: justify;">o comunicarà, únicament, quan una llei ho exigeixi i als encarregats de tractament amb els<br />que es contracten serveis imprescindibles per a la realització de les finalitats, amb els quals es<br />subscriuen els oportuns contractes.<br />Així mateix, excepcionalment, es podrà utilitzar la dada del vostre correu electrònic per fer-vos<br />arribar informació referent als nostres serveis, sempre que ens autoritzi expressament.<br />Aquestes dades no es comunicaran ni cediran en cap cas, llevat dels organismes públics<br />que els sol·licitin a l&#8217;empara de la Llei. La seva informació es conservarà de manera indefinida.<br />La base jurídica per a aquest tractament és, per tant, el consentiment que ens presta a través<br />de l&#8217;acceptació d&#8217;aquesta Política de Privacitat. </p>
<p style="text-align: justify;">Vostè, en qualsevol moment, tindrà dret a obtenir confirmació sobre si estem tractant<br />les seves dades personals, en conseqüència, té dret a accedir a les seves dades personals, té<br />dret a rectificar les dades inexactes o sol·licitar la seva supressió quan les dades ja no siguin<br />necessaris, té dret a exercitar la seva oposició al tractament de dades, a exercitar la<br />limitació al tractament, tindrà dret a la portabilitat de les seves dades, si és el cas, així com<br />dret a no ser objecte de decisions individualitzades automatitzades, inclosa l&#8217;elaboració<br />de perfils. Tot això mitjançant escrit dirigit a la nostra adreça d&#8217;accés a rambla de la<br />Generalitat 44-46, 08720 Vilafranca del Penedès (Barcelona) o bé a través del correu<br />electrònic marialobato@legalbrandservices.com, de conformitat amb el procediment dels articles 15 a 23<br />del Reglament (UE) 2016/679 del Parlament Europeu i del Consell, del 27 d&#8217;abril del 2016.<br />Us informem també de la vostra possibilitat de presentar una reclamació davant l&#8217;Agència<br />Espanyola de Protecció de Dades, www.aepd.es, si considera que el tractament no s&#8217;ajusta a<br />la normativa vigent. </p>
<p>MARÍA LOBATO declara tenir implementades les mesures de seguretat d&#8217;índole tècnica i<br />organitzatives necessàries que garanteixin la seguretat de les dades i evitin la seva alteració,<br />pèrdua, tractament o accés no autoritzat, tenint en compte l&#8217;estat de la tecnologia, la<br />naturalesa de les dades emmagatzemades i els riscos a què estan exposats, ja provinguin de la<br />acció humana o del medi físic o natural.<br />Per protegir la intimitat dels USUARIS, queda prohibida l&#8217;enviament de qualsevol dada<br />referent a la seva ideologia, religió, creences, origen racial, salut, i vida sexual a través de<br />els nostres formularis.</p>
<p style="text-align: justify;">Així mateix, us informem que, en cap cas, es realitzaran decisions individuals<br />automatitzades ni elaboració de perfils.</p>
<p style="text-align: justify;">Aquesta declaració de privacitat es regeix per la Llei espanyola. Per tant, les parts se sotmeten, a<br />la seva elecció, per a la resolució de conflictes i amb renúncia a qualsevol altre fur, als<br />jutjats i tribunals del partit judicial de Barcelona.</p>
<p style="text-align: justify;">A més, us recordem que podeu accedir a la plataforma de resolució de litigis en línia de<br />la Unió Europea seguint aquest enllaç: https://ec.europa.eu/consumers/odr/main/?<br />event=main.home2.show</p>
<p>[/et_pb_text][/et_pb_column][/et_pb_row][/et_pb_section]</p>

<p>POLÍTICA DE PRIVACITAT L&#8217;informem que la informació remesa a través del present formulari de contacte web quedarà incorporada als sistemes d&#8217;informació de MARÍA LOBATO.La finalitat del tractament de les dades que ens remeti serà donar resposta a les consultes que ens plantegi respecte als serveis detallats a la web, així com per atendre dubtes de [&hellip;]</p>
